 + t. Is r a prime number?
False
Suppose -4*d + 13 = -3*y, 9*y = 4*y - 3*d + 17. Is y*-5*2602*35/(-50) composite?
True
Let d be 1*-1*(-22)/(6 - 4). Let p(v) = 28*v - 1. Let f be p(d). Suppose -6*i = -7*i + f. Is i a prime number?
True
Let v(d) = -8853*d**3 + 4*d + 7. Is v(-2) composite?
False
Let d(l) = -62*l - 21. Suppose 5*h + 40 = h. Let p be (-4)/(-6)*105/h. Is d(p) prime?
False
Let a(m) = 2. Let b(r) = -81*r - 23. Let x(l) = 6*a(l) - b(l). Is x(6) prime?
True
Let h(r) = 10*r**2 + 7*r - 100. Suppose 1 = m - 5*u, -5*u = -4*m + 10 + 24. Is h(m) a composite number?
False
Suppose 17242 = -6*m + 11*m - d, 10350 = 3*m + d. Is m a composite number?
False
Let x = -16 - -39. Let r = x - 20. Suppose -156 - 7101 = -r*z. Is z a prime number?
False
Suppose 0 = -2*b - 3*t - 2*t - 6, 0 = -b - 4*t - 6. Let o be 1 + b + 678/2. Let z = 37 + o. Is z a composite number?
False
Let r be (-23514 - 19)*(0 + 3/(-3)). Suppose 6*s - 31349 - r = 0. Is s a composite number?
True
Let k be (((-176)/(-40))/(-11))/(2/40). Let l be (-5)/2*k/5. Suppose 5*c = -2*q + 19719, 5*q - 15780 = -l*c + q. Is c composite?
False
Let v(u) = 6695*u + 1939. Is v(78) a composite number?
False
Let d(s) = 5*s**2 - 41*s + 2. Let a be d(8). Let u be 542/((-12)/8 + 2). Is (u/a)/((-4)/6) a composite number?
False
Suppose 5*b = -b + 14184. Suppose -12*u + 6*u + b = 0. Suppose 0 = 4*d + u - 3366. Is d a composite number?
False
Is (-1 - (-5877670)/15) + ((-275)/(-33) - 9) a composite number?
True
Suppose 0 = 15*z + 9902 + 7363. Is (-1)/(5 + 5756/z) prime?
True
Suppose 21 = f + 2*f. Suppose 3*g + 84 = f*g. Is 9843/g + (-2)/(-7) a prime number?
False
Let u(z) = 22158*z**3 + 6*z**2 - 22*z + 13. Is u(2) prime?
True
Suppose -5*w + 321 = -1279. Suppose d - 5 = 0, -w = 3*t - 3*d - 8. Let m = t + 188. Is m prime?
True
Let n be -3*(-8)/12*7430. Suppose 3*o + 5873 = q - 8957, 0 = q + 3*o - n. Is q a prime number?
False
Suppose 0 = x - 3*v - 110518, 6*v = 5*x + 4*v - 552629. Is x a prime number?
True
Suppose s + 2210 = -1295. Let a = s + 4949. Let x = a - 695. Is x composite?
True
Let w = -12755 - -13386. Is w a prime number?
True
Let h(l) = -2*l**2 - l + 527. Suppose 0 = -3*d - 4*k + 1, 0 = 4*d + 4*k - 0*k + 4. Let t be (-1)/3 + d/(-14 - 1). Is h(t) composite?
True
Let c be 6/9*(-954)/12. Let n = c + 67. Suppose 0 = -8*i + n*i - 2514. Is i a prime number?
True
Let y(j) = 242*j**2 + 54*j - 7. Is y(3) a composite number?
False
Let u(s) = s**2 + 2*s + 5. Let k be u(-4). Suppose -26539 = k*l - 80437. Suppose -f + l = f. Is f a prime number?
False
Suppose -n - 3*u = -u, 0 = -n - 4*u. Suppose 0 = -2*h + 10, -4*r = -n*h - 2*h - 21018. Is r prime?
False
Let g(r) be the first derivative of 6*r**3 - r**2 + 51*r - 98. Is g(-13) prime?
True
Is 4*2166773/8*84/294 prime?
True
Let j(y) = -6*y + 33. Let i be j(5). Suppose p - 4*p - 70122 = -i*x, 3*p - 93517 = -4*x. Is x prime?
False
Let k = -247 - -249. Let h(a) = 314*a**3 + 3*a**2 - a - 1. Is h(k) a prime number?
True
Suppose -4*x = -5*m - 0*x + 70, -5*x = 5*m - 70. Suppose -10*k - 21044 = -m*k. Is k composite?
False
Let x(v) = 98448*v + 55. Is x(4) a prime number?
True
Suppose -13*j = 2*j - 71130. Is (5 - 4)*j/2 prime?
True
Suppose -1052 = 5*a + 2*m - 3*m, 4*a = 4*m - 832. Let q = a + 402. Is q a prime number?
True
Suppose -52*h + 55*h = 49698. Suppose h = 4*w - 7318. Is w a prime number?
False
Let h be 1/3*(-2 + 5)*-3467. Let b = 4867 + h. Let c = 2197 - b. Is c composite?
False
Suppose -2*g + 51485 = -3*j, 49852 = 4*g + 5*j - 53063. Is g prime?
False
Suppose g - 2*q - 8 = 0, -5*g = 12*q - 11*q + 4. Suppose -3*k + 5*b + 6154 = g, k + k = 4*b + 4102. Is k prime?
True
Suppose 0 = 66*w - 72*w - 24. Is (1 - -1 - -3817) + (w - -6) composite?
False
Suppose -3*u + 5*z + 5 + 10 = 0, -5*u + 2*z = -44. Suppose -x + 2*k + 4 = 0, -3*k - u = 4*x - 6*x. Suppose 4*j + 332 = 4*o, -2 = 3*j - x. Is o prime?
False
Let i(j) = -68*j**3 - 10*j**2 - 183*j + 20. Is i(-11) prime?
True
Suppose 0 = 4*y - 4*v + 20, 2*y + 3*v + 3 = -2. Suppose 2*f - 3*w + 87 = 0, 3*f + 276 = -4*w + 103. Is 2/(201/f - y) composite?
True
Suppose -3*a + 21*d + 4169718 = 24*d, -2*a - 4*d = -2779802. Is a prime?
True
Let a be (5/2)/(65/22 - 3). Let u = -51 - a. Is (-16581)/(-15) - 4 - u/10 a prime number?
False
Let z = -432 - -447. Suppose 0 = 32*x - z*x - 166277. Is x a composite number?
False
Is 94/(-1363) + 376830/58 a composite number?
True
Is 92032 - 16/(-23 + 7) prime?
True
Let w = -99 + 107. Suppose c + w = 4*o - 3, 0 = 2*c + 4*o - 26. Suppose 0 = c*q - 4*t - t - 2020, 1237 = 3*q + 2*t. Is q a prime number?
True
Let j = -215 + 306. Let n = j + 588. Is n a composite number?
True
Is (-85)/(-51)*(8 + -2)/((-2)/(-13997)) composite?
True
Let p be (0 - (-39)/9)/((-3)/(-61650)). Suppose 0 = 18*v - 8*v - p. Suppose f + 4*f - v = -5*g, 0 = 5*g - 20. Is f composite?
False
Suppose q = 2*q - 5*w - 139, -10 = 2*w. Let c = q + -118. Let s(t) = -45*t**3 + 3*t**2 - 5*t - 9. Is s(c) a prime number?
True
Let u = 2818060 - 1627799. Is u composite?
False
Is (0 - 189801/(-12))*(-18 - -22) a composite number?
True
Suppose -4*c - 4*y = 73886 - 386490, -y - 6 = 0. Is c prime?
True
Is (929*(-1)/(-2))/((40/5)/112) a prime number?
False
Let j = 5561 - -17796. Is j a prime number?
True
Is (-1 + 1935/27)*(-2532)/(-16) composite?
True
Suppose -41*y = 709777 - 2083482. Is y composite?
True
Suppose -3*x = -3*r - 3, -13*r + 17*r + 4*x + 20 = 0. Is (-4)/((-32)/79188)*(-2)/r composite?
False
Suppose -108*h + 104*h + 1037380 = 3*d, -4*h + 1037324 = -4*d. Is h a composite number?
False
Let v(o) = -o**3 - 8*o**2 - 3*o - 11. Let r be v(-8). Let u be (r/(-3) - 0)*-3. Let p(j) = -j**3 + 17*j**2 - 3*j + 4. Is p(u) composite?
False
Suppose 0 = -6*l + 11*l + j - 16, -4*l - 3*j + 15 = 0. Suppose 0 = 2*r - l*s - 9409, 3*r - 2*s = 20028 - 5917. Is r a composite number?
False
Suppose 10*r - 817 = -13107. Let k = r - -310. Let i = 1914 + k. Is i prime?
False
Suppose 6*a + 97223 = -92197. Let s = -15407 - a. Is s composite?
True
Let q(k) = k**3 + 8*k**2 + 4*k + 133. Let s = 142 - 120. Is q(s) composite?
False
Let l(p) = -2*p - 3. Let c(f) = 5*f + 10. Let k(u) = 3*c(u) + 8*l(u). Let n be k(3). Suppose -n*a - t = -294, 80 = a + 4*t - 29. Is a a prime number?
True
Suppose 3*r - 14*q + 10*q = -1, 0 = q + 2. Is 18200 - (-1 + 6 + (r - 1)) prime?
True
Let z be -18 - (40/(-8) + -3). Is (-43660)/(-100) - 4/z a prime number?
False
Suppose 0 = 3*o - 36 + 45. Let b be (-2 - -1)*(-20 + o). Let v = 81 - b. Is v a composite number?
True
Suppose 2*i - 1632 = -4*y, 2*y + 3*i - 181 = 627. Let o = 745 - y. Let b = 988 - o. Is b a prime number?
True
Let n be 1/(-12) - 342251/156 - 1. Let y = n + 3736. Is y composite?
True
Let z(a) = -a**3 - a**2 + a - 1. Let v(f) = -3*f**3 - 26*f**2 - 18*f - 31. Let l(n) = v(n) - 4*z(n). Let x be l(23). Is (409/3)/(4*x/(-96)) a prime number?
False
Suppose -44*l + 139866 + 320964 = 96202. Is l a composite number?
False
Is -10 - (70266*9)/(-14) a prime number?
True
Let m(y) = 1693*y**2 - 59*y + 275. Is m(5) prime?
False
Let y = 9926 - -76127. Is y a prime number?
False
Let r = 164 + -164. Suppose 3*b + 2*z - 10107 - 3786 = r, -3*b = 3*z - 13896. Is b a composite number?
True
Let z(r) = 17932*r**2 - 8*r - 11. Is z(2) a prime number?
False
Let t(h) = -h**3 + 9*h**2 - 12*h + 39. Let c be t(8). Suppose 0 = c*i - 41636 - 123165. Is i a prime number?
False
Let h be 75/(-10)*3*166. Let s = h - -6068. Is s a prime number?
True
Suppose -29*h + 309951 + 213214 = 162492. Is h a prime number?
True
Let i = -677 + 1111. Let w be (-421)/3 + -1 + 18/54. Let h = w + i. Is h composite?
False
Suppose -5*f + 4*h - 103 = 0, -3*f + 2*h + 28 = 89. Is f/((-114)/(-8))*(-27771)/4 prime?
True
Suppose 155004 + 234804 = 16*s. Suppose -q = -6*q, 0 = -3*l - 2*q + s. Is l a composite number?
True
Let v(b) = 277*b**2 - 5*b + 1. Let l = 23 - 51. Let p = -26 - l. Is v(p) prime?
False
Let b = 48 + -208. Suppose 3*c - 138 = 759. Let x = c + b. Is x a prime number?
True
Let v = 6709 + -260. Is v a composite number?
False
Let q be (-241892)/16 + 1 - 6/(-24). Let s = -8870 - q. Is s prime?
True
Let z be 36/24*8/6. Suppose -z*h + 7 = 37. Is 484/5 + (-3)/h a prime number?
True
Let w(i) = -i**3 - i**2 - 2*i - 511. Let d be w(0). Let u = 866 + d. Suppose 3*n - n - 3*v = u, -4*v - 175 = -n.